{"id":379,"date":"2024-11-26T08:22:05","date_gmt":"2024-11-26T08:22:05","guid":{"rendered":"https:\/\/portadiluce.com\/?page_id=379"},"modified":"2025-05-21T19:00:12","modified_gmt":"2025-05-21T19:00:12","slug":"corso-piave","status":"publish","type":"page","link":"https:\/\/portadiluce.com\/index.php\/corso-piave\/","title":{"rendered":"CORSO PIAVE"},"content":{"rendered":"\n<p><\/p>\n\n\n\n<p><strong>CORSO PIAVE<\/strong><\/p>\n\n\n\n<p>Anno 1974<\/p>\n\n\n\n<p><\/p>\n\n\n\n<figure class=\"wp-block-image size-large\"><img loading=\"lazy\" decoding=\"async\" width=\"1024\" height=\"682\" src=\"http:\/\/portadiluce.com\/wp-content\/uploads\/2024\/09\/2510-1974-ab-03-Alba-V.-Piave-1024x682.jpg\" alt=\"\" class=\"wp-image-209\" srcset=\"https:\/\/portadiluce.com\/wp-content\/uploads\/2024\/09\/2510-1974-ab-03-Alba-V.-Piave-1024x682.jpg 1024w, https:\/\/portadiluce.com\/wp-content\/uploads\/2024\/09\/2510-1974-ab-03-Alba-V.-Piave-300x200.jpg 300w, https:\/\/portadiluce.com\/wp-content\/uploads\/2024\/09\/2510-1974-ab-03-Alba-V.-Piave-768x512.jpg 768w, https:\/\/portadiluce.com\/wp-content\/uploads\/2024\/09\/2510-1974-ab-03-Alba-V.-Piave-1536x1024.jpg 1536w, https:\/\/portadiluce.com\/wp-content\/uploads\/2024\/09\/2510-1974-ab-03-Alba-V.-Piave.jpg 1772w\" sizes=\"auto, (max-width: 1024px) 100vw, 1024px\" \/><\/figure>\n\n\n\n<p><br>In tempo di guerra, richiamando i giovani a presentarsi per il reclutamento, la milizia fascista aveva constatato che pochi avevano risposto e che molti erano fuggiti nelle Langhe per aderire alla lotta armata. Per dimostrare la forza, il 1\u00b0 dicembre 1943 la milizia condusse nella caserma i genitori dei giovani inadempienti. Un attacco fulmineo delle bande partigiane li liber\u00f2. Il 5 dicembre per rappresaglia alcuni cittadini tra i pi\u00f9 conosciuti furono carcerati; tra<br>questi Amilcare Fenoglio, poi rilasciato. Accadde ancora. Pi\u00f9 precisamente il 22 settembre del 1944 la famiglia Fenoglio venne arrestata verso l\u2019una, all\u2019interno della sua casa mentre consumava il pranzo. Passarono lungo via Maestra, con gli occhi della gente fissi su di loro. Quando arrivarono nel cortile della caserma in corso Piave, a quel tempo quartier generale del colonnello Languasco e dei suoi Cacciatori degli Appennini, si accorsero che erano state arrestate molte altre famiglie albesi. Non erano consapevoli del motivo per cui fossero l\u00ec.<br>Trascorsero tutto il pomeriggio fuori, ammucchiati nel cortile e venne detto loro che avrebbero passato anche la notte tutti insieme in una camerata al pianterreno. Lo stanzone diede alla piccola Marisa Fenoglio, testimone della vicenda, una sensazione di subbuglio: enorme, con le brande a due piani lungo i muri, le finestre con le grate affacciate alla strada, topi e cimici. Una volta entrati, non avrebbero pi\u00f9 potuto abbandonare la camerata, neppure per i bisogni fisiologici, infatti furono collocati bidoni appositi in fondo alla stanza. Tutti passarono la notte in angoscia aspettando il mattino.<\/p>\n\n\n\n<p>Si svegliarono grazie ad un rumore d&#8217;arma da fuoco e la caserma rispose al fuoco non per liberarli, ma per uccidere l\u2019 ex-podest\u00e0 che abitava vicino alla caserma. Li fecero schierare nel cortile della caserma in due file parallele, le donne e i bambini separati dagli uomini; le donne vennero liberate poco dopo.<br>Nella mente della madre di Marisa si defin\u00ec un piano per riportare a casa gli uomini della famiglia. Riusc\u00ec a parlare con il Vescovo, poi con il podest\u00e0, infine con lo stato maggiore fascista stanziato nel Liceo.<br>Il coraggio e l\u2019arguzia della madre, il piano ben studiato funzionarono perch\u00e9 qualche giorno dopo i suoi fratelli e il padre vennero scarcerati, mentre altri ostaggi furono condannati.<\/p>\n\n\n\n<p>Attivit\u00e0 di ricerca svolta dalle allieve della 2A Macrino a.s. 2024-25 Beatrice Agnello, Sara Chimera, Martina Deiana, Ema Mitrevska<br>Insegnante prof.ssa Manuela Maina<\/p>\n\n\n\n<p>Bibliografia: <\/p>\n\n\n\n<p>M.Fenoglio, \u201cCasa Fenoglio\u201dSellerio Ed., Palermo, 1995 <\/p>\n\n\n\n<p>G.Parusso, \u201cAlba. Il Novecento. Appunti per una cronaca\u201d, Araba Fenice, Boves, 2005<\/p>\n\n\n\n<p><\/p>\n\n\n\n<p><\/p>\n","protected":false},"excerpt":{"rendered":"<p>CORSO PIAVE Anno 1974 In tempo di guerra, richiamando i giovani a presentarsi per il reclutamento, la milizia fascista aveva constatato che pochi avevano risposto e che molti erano fuggiti nelle Langhe per aderire alla lotta armata. Per dimostrare la forza, il 1\u00b0 dicembre 1943 la milizia condusse nella caserma i genitori dei giovani inadempienti. [&hellip;]<\/p>\n","protected":false},"author":1,"featured_media":0,"parent":0,"menu_order":0,"comment_status":"closed","ping_status":"closed","template":"blank","meta":{"footnotes":""},"class_list":["post-379","page","type-page","status-publish","hentry"],"_links":{"self":[{"href":"https:\/\/portadiluce.com\/index.php\/wp-json\/wp\/v2\/pages\/379","targetHints":{"allow":["GET"]}}],"collection":[{"href":"https:\/\/portadiluce.com\/index.php\/wp-json\/wp\/v2\/pages"}],"about":[{"href":"https:\/\/portadiluce.com\/index.php\/wp-json\/wp\/v2\/types\/page"}],"author":[{"embeddable":true,"href":"https:\/\/portadiluce.com\/index.php\/wp-json\/wp\/v2\/users\/1"}],"replies":[{"embeddable":true,"href":"https:\/\/portadiluce.com\/index.php\/wp-json\/wp\/v2\/comments?post=379"}],"version-history":[{"count":7,"href":"https:\/\/portadiluce.com\/index.php\/wp-json\/wp\/v2\/pages\/379\/revisions"}],"predecessor-version":[{"id":754,"href":"https:\/\/portadiluce.com\/index.php\/wp-json\/wp\/v2\/pages\/379\/revisions\/754"}],"wp:attachment":[{"href":"https:\/\/portadiluce.com\/index.php\/wp-json\/wp\/v2\/media?parent=379"}],"curies":[{"name":"wp","href":"https:\/\/api.w.org\/{rel}","templated":true}]}}